14
What is (0 - -2) + (-1 - 12 - (13 + -15 - 67))?
58
-3 - -22 - (-48 + 22 + 45)
0
What is -16 + (92 - (-62 + 122))?
16
Calculate -12 + 1 - -2 - ((36 + -34 - 1) + -6).
-4
-149 - (2 + -6 - (62 - 50))
-133
Evaluate (-1 + 8 - 0) + (126 - 17) + -97.
19
Calculate 0 + (1 - (36 - -1)) + -325 + (-108 - -440).
-29
Evaluate -43 + 144 + -113 + 23.
11
17 + (-18 - (-16 - -13)) + -9
-7
Calculate 22 + 9 - -20 - 85.
-34
Evaluate -3 - -25 - 18 - -6 - 105 - (9 + -18).
-86
Calculate 25 + -58 + 86 + 4.
57
What is the value of (199 - 445) + 237 - (0 + 2 + -4 - -8)?
-15
What is -44 + (75 - 56) - 38?
-63
What is 17 - ((-12 - -12) + 20) - (-8 - 3)?
8
Calculate (6 - 10 - (6 - (4 - (-2 - -1)))) + 52.
47
Evaluate -74 - (-189 + 143) - -60.
32
(1 + 1 - (0 + -12)) + (-149 - -197) + -132
-70
Calculate 59 + 10 + (-24 - -6) + 10 + 13.
74
Evaluate -11 + -34 + 21 - 2.
-26
What is the value of (11 - (3 + 8)) + -28 + 33 + 120?
125
Calculate -49 + (-13 + 41 - 13).
-34
What is 6 - (-3 + (-12 + (-18 - -25) - (0 + -80)))?
-66
Evaluate (-15 - 1) + (-43 - (40 - 73) - -8).
-18
What is 36 + 1 + (-32 - (-48 - -11)) - (-14 - 1)?
57
What is the value of 0 + -1 + -6 - (-1070 - -974)?
89
73 + (0 + 80 - 135)
18
Evaluate (-19 - 2 - (-101 + 30)) + 4.
54
What is 25 - (-1 - 2 - ((-28 - (32 + -31)) + 22))?
21
What is 147 + -161 + (-3 - -2 - -12) - 2 - 42?
-47
What is the value of (-95 - -167) + (2 - (13 - (2 + 8)))?
71
What is the value of 271 + -278 - ((5 - 4) + 3 + -15)?
4
Evaluate 65 + 74 + (-195 - -148).
92
Evaluate 35 + -1 + 9 - (714 - 575).
-96
-22 + 0 + (8205 - 8121)
62
-84 + 33 + -33 + 69
-15
Calculate (-7 - -93) + (112 - 276).
-78
Evaluate (25 + (-6 - (0 + 7)) - (11 + 10)) + -58.
-67
Calculate -6 + (19 - (-42 + 13 + 36)).
6
Evaluate -37 - (-25 - (-77 + 34) - 4).
-51
Calculate (-47 + 89 - 72) + -43.
-73
What is the value of -8 - (-326 - -339 - (-3 - -76))?
52
Evaluate (11 - (-1 + 2)) + 1761 + -1804 + (5 - 2).
-30
Calculate -17 + 0 - (-430 + 442) - 4.
-33
Calculate -16 + (-7 - -10 - -32 - 19).
0
8 + 2 + 45 + -76 + 45
24
(0 - 0 - -9) + (-9 + -3 - 16) + 43
24
(-19 + 5 - -26) + -15 - ((-4 - -97) + 0)
-96
What is -75 + (2 - 1 - -1) + -106 + -3 + 110?
-72
What is (132 - 121 - (71 + 0)) + -3 + (-3 - -8)?
-58
What is 42 + 128 + -194 + -88?
-112
Calculate -53 - (-4 - (5 + (-10 - -12) - 3) - -6).
-51
What is the value of (-25 + 99 + -55 - 47) + (11 - -1)?
-16
-65 + (40 - 45 - -61)
-9
Calculate 30 + (204 - 118) - 77.
39
Calculate 9 - (-39 - (-79 + -1)).
-32
8 + 43 - (-2 + 0 + 0 + 4 + 4)
45
What is the value of -185 + 94 + 5 - -6?
-80
9 + (-81 - -31 - -30) - (9 + -4 - -123)
-139
-1 + 3 - (-1 - -5) - -8 - (379 + -365)
-8
Evaluate 606 + -522 - (5 - -41).
38
Evaluate (26 - (47 + -13)) + 5 + -1 + -2 + 43.
37
30 + (2 - 0) + (-59 - (-88 + 27))
34
Evaluate 27 + -49 + -64 + -7.
-93
Evaluate 157 + (-46 - -79) + -127.
63
What is (0 - -52) + -58 + 58 + 8 + (-13 - -2)?
49
What is the value of -56 - ((1 - 0 - -8) + (-234 - -240))?
-71
What is the value of -17 - (28 - (22 - (6 - 12)))?
-17
Calculate (189 - 88 - 22) + -101.
-22
What is (-51 + 94 - -96) + -58?
81
Evaluate (15 - (-13 + 3 + (-5 - -26))) + -10.
-6
What is (-135 + 51 - (0 - -12) - -4 - 9) + 0?
-101
What is the value of -47 + -1 - ((31 - -7) + -47 - (-3 + -6))?
-48
What is the value of -9 + -12 + 98 + (0 - 0) - (533 - 525)?
69
What is the value of -18 + (46 - 30) + -34 + 0 + 5 + -2?
-33
Calculate 50 + -29 - 43 - 4.
-26
Evaluate -39 + 5 - (7 + -30 + 9) - 4.
-24
What is 5 - ((22 - 0) + (-83 - -87) - -20)?
-41
Calculate 62 + (23 - 33) + (-1 - (3 - 10)).
58
Calculate (2216 - 2243) + -26 + 0.
-53
What is the value of 13 - 1 - (-22 - (44 + -85))?
-7
16 + (-15 - (17 - 5)) + 16
5
What is the value of (10 - -1 - -10 - 13 - 4) + 1 + -9?
-4
Calculate 30 - (-11 + -7 - (-31 + (-12 - -29))).
34
Evaluate -142 + -12 + 254 - 43.
57
-145 - (45 - (-106 + 236))
-60
What is the value of -11 - ((-7 - (-11 + 20)) + 13) - (2 + -5)?
-5
Calculate 1 + -9 + 120 + -545 + 430.
-3
What is -189 - (-229 + 22) - (52 - -2)?
-36
Evaluate (1 + -18 + -412 + 444 - -11) + 16.
42
Evaluate (4 - ((-22 - -35) + (-1 - 17))) + -4.
5
What is 30 - 70 - ((-3 - (8 - 14)) + -3)?
-40
(-11 - (-16 - (13 - 6) - -14)) + -80
-82
(21 - -75) + -124 + 48
20
What is the value of -14 - (30 + 30 + -29 - -30)?
-75
What is the value of (-1 - 83) + (316 - 283) + -1 + -29?
-81
What is the value of (1281 - 1234) + -1 + -16?
30
Evaluate (-76 - -84) + 6 - 12.
2
What is the value of 1 - ((61 - 58) + -19)?
17
Calculate 10 + (-20 - ((1 - 26) + 9) - (-1 + 10)).
-3
What is the value of 4 + (-12 - -7 - -66) + -13?
52
What is the value of -123 - (-134 + 19) - -77?
69
Calculate -36 + (48 - (-58 - -88)).
-18
Evaluate (-118 - -111 - (85 + 1)) + 12 + 1 + -4.
-84
Calculate (-31 - 10) + 48 - -70.
77
Evaluate 2 + -6 - (-8 - (-5 - -10 - (-17 + 31))).
-5
What is the value of 2 + (13 - (8 - 3)) + -1?
9
Evaluate -56 - ((-58 - -34) + -19).
-13
Evaluate (-17 - -22 - (-7 + 7 + 12)) + (2 - 24).
-29
2 + -3 - (-15 - -19 - (33 + -7 + 4))
25
What is the value of 81 + -61 + -21 + -14?
-15
(-70 - 4) + (12 - 48 - -29)
-81
Calculate 38 + -108 + (-106 - -95).
-81
(0 + -4 - -4 - 3) + (-3 - (7 - -46))
-59
50 + -10 + 8 + -7 + (6 - (1 - -5))
41
What is the value of (795 - 686) + 0 + -167?
-58
What is -26 - (-1 - -2) - (1515 - 1513)?
-29
What is 5 - -2 - (59 - (92 + -72))?
-32
What is 1 + -9 + -2 - (64 + 0 + 140 + -160)?
-54
What is 13 + (-1 - 4) + -10 + -68?
-70
Calculate 121 - (99 - (56 + -75)).
3
Calculate (-65 - (-1 - (-3 - -4))) + 281 + -300.
-82
What is the value of 19 + 54 + -57 + -3 + 20?
33
-12 + -15 + 31 + 0 + (-6 - 2)
-4
Calculate (2 - -18) + -4 + (342 - 347) - (-77 - 4).
92
What is the value of 10 + (0 + 5 - 15) - -15?
15
Evaluate (-15 - -1) + 21 + (-2 - -10) + 17.
32
What is -60 - -15 - 5 - -86?
36
What is -1 - (-6 + -2) - (256 + -191)?
-58
Evaluate (5 + -34 - -87) + -51.
7
What is 8 + (-36 - -38) - (-22 - 2)?
34
2 - (10 - 3 - (14 + 42 + -8))
43
-232 + 359 + -121 + (1 - 134)
-127
-124 + (3 - -31) - -188
98
What is -6 - (4 - 7) - (-62 + 2)?
57
What is (-42 - (-16 + 3) - -7) + 65?
43
What is 19 + -14 + 30 - (12 - (1 + -4 + 3))?
23
4 - ((5 - 0) + (7 + -8 - 13))
13
Evaluate (-10 - -9) + -3 + -5 + 2 + -169 + 171.
-5
Evaluate (0 - 6 - (-11 - (7 - -4))) + -329 + 325.
12
What is -39 + -8 + (-93 - -132)?
-8
Calculate 97 - (11 + -29 - -32) - (3 + -26).
106
What is -13 - (21 + (11 - 3 - -2) + -21)?
-23
(2 - 7) + -7 + 30 + -22 - -9
5
2 + 1 + -16 + -4 + 7 + 16
6
What is -51 + 2 - (3691 - 3813)?
73
Calculate (86 + -182 - (6 - -8)) + 38.
-72
Evaluate 178 - 213 - (-23 + 19).
-31
(-17 - -35) + (-150 - -123)
-9
What is -27 + (26 - (-18 + 22)) - (2 - -13)?
-20
What is the value of 5 + -13 + -3 + (-7 - (-20 - -10) - 3)?
-11
What is the value of -1 - -40 - (66 - (169 - 123) - (1 + 4))?
24
What is -13 + (6 - 69 - -31) + 9?
-36
What is 1 + (25 + 4 + -11 + -2 - 15)?
2
Evaluate (19 - (93 - 50) - (2 + -11)) + 33 + -2.
16
Evaluate 9252 + -9318 + (-13 - -1).
-78
What is the value of -157 - 1 - (4 - (-96 - -136))?
-122
What is (2902 - 2921) + (10 - 0)?
-9
42 + 1 + (-144 - -238) + -101
36
Calculate 16 - (-4 + 18) - (94 + -193).
101
Evaluate -86 - ((4 - (1 + 1 + 13)) + -2).
-73
What is (0 + 65 - (1 - 12 - -2)) + -5?
69
Calculate (6 - (15 - -3)) + -10 + 9 + -2.
-15
What is the value of 14 + (-21 - (18 + -4 + -11 + -55))?
45
Calculate (89 - 21) + -10 + 2 + -6 + -18.
36
What is (4 - -3) + (-13 - -5) - 11 - -11?
-1
13 + 2 + 0 - (1142 - 1182) - 22
33
Calculate -35 + -27 + 45 + -19 + 35.
-1
What is -8 - (201 - 233 - (-11 - -2))?
15
What is the value of -525 + 618 - (107 + 3)?
-17
What is the value of 0 + (-211 - -36) + 38 - (-2 + 4 - -2)?
-141
Evaluate 42 + (44 + -86 + 51 - (2 + 4)).
45
16 + (26 + -44 - (24 - 3))
-23
Calculate (115 - 203) + 82 + -69 + -2 + (3 - -1).
-73
Evaluate 15 + (9 - 5) + -9 + 30 + -25.
15
(32 + 11 - 13) + -20 + 1 - -74
85
(-10 + -4 + 9 - (-24 + 5)) + -4
10
What is the value of 4 + 13 + -6 - (-60 + 46)?
25
What is 1 + (-35 - (27 + -9))?
-52
(26 - 2) + -3 + (-55 - 13) - -13
-34
Evaluate 23 - ((38 - -10) + -13).
-12
Evaluate 3 + (107 - (-7 - -16)) + -15 + (-1 - -3).
88
90 + -113 + (-17 - -95)
55
What is (1 - (30 + -68)) + 19?
58
-16 - 1 - (-695 - -710)
-32
What is 15 + -32 - (-59 - -33 - 8)?
17
(222 - 233) + (33 - 12)
10
0 + -16 + -1 + (4982 - 4911)
54
Calcul